b*m = -126. What is the remainder when h is divided by 31?
30
Suppose -3*g + 2*t + 2*t = -16, -4*g + 36 = 2*t. Let f be 0 + (-6)/(-3)*g. Suppose -19*p = -18*p - f. What is the remainder when 45 is divided by p?
13
Calculate the remainder when 98 is divided by 7*(-6)/21 + (1 - -37).
26
Let t(p) be the third derivative of -2*p**4/3 - 2*p**3/3 - 33*p**2. Let u = 84 - 40. What is the remainder when u is divided by t(-1)?
8
Suppose -2*x = -7 - 51. Suppose -o + x = 2. Calculate the remainder when 104 is divided by o.
23
Suppose 17*v + 308 = 21*v. Calculate the remainder when v is divided by 16.
13
Let a = -10 + 10. Suppose a = -5*l + 3*s + 112, 3*l + 5*s = 6*l - 80. Calculate the remainder when 97 is divided by l.
17
Let i = 33 + -99. Suppose 0 = -3*u - 40 - 62. Let g = u - i. What is the remainder when g is divided by 11?
10
Suppose -2*t - u = -179, -4*u - 425 = -4*t - 61. Calculate the remainder when t is divided by 41.
8
Let z = -5 + 12. Suppose -25 = -3*r + 26. Calculate the remainder when r is divided by z.
3
Suppose -17 = 4*m - 33. Suppose n - 4*z = -z - 60, 0 = -m*z - 20. Let f = 142 + n. What is the remainder when f is divided by 14?
11
Let s(g) = g**2 - 28*g - 23. Suppose -34 = -5*i + 5*y + 46, -5*i + y + 84 = 0. What is the remainder when i is divided by s(29)?
5
Let q be (-8)/4*287*-1. Let n = q - 380. What is the remainder when n is divided by 28?
26
What is the remainder when (-469)/35*-5 - -5 is divided by 29?
14
Suppose 3*l - 14*c + 10*c = 35, -2 = -2*c. Suppose 3*s + 0*s + g = 149, s - 5*g - 55 = 0. What is the remainder when s is divided by l?
11
What is the remainder when 86 is divided by (-14)/(-70) + (-248)/(-10)?
11
Suppose 22 = 2*d - 2. Suppose 0 = -7*w + d*w - 65. What is the remainder when w is divided by 8?
5
Let k = -335 + 340. Let j = -47 + 86. What is the remainder when j is divided by k?
4
Suppose 0 = -s - 3*j + 166, -3*j + 8*j + 554 = 3*s. What is the remainder when s is divided by 31?
23
Let p = -15 - -16. Let t be (-3)/(-9) - (-22)/6. Suppose -4*o = -2*v - 16, -t*v + 4 - p = -o. What is the remainder when 19 is divided by o?
4
Suppose 508 = 13*a - 1559. What is the remainder when a is divided by 82?
77
Let p(f) = f**2 - 3*f - 6. Let n be p(4). Let m be 3/(9/(-5) - n). Suppose 0 + m = 3*k. Calculate the remainder when 37 is divided by k.
2
Calculate the remainder when (3 - 52/16)/((-25)/7100) is divided by 19.
14
What is the remainder when (-3)/(-3) - 636/(-8)*2 is divided by 41?
37
Let s(h) = 25*h - 5. Let d(j) = j. Let v(l) = 5*d(l) - s(l). Let c be v(-7). Let t = c - 76. Calculate the remainder when t is divided by 24.
21
Suppose 76 = -3*d + 136. Calculate the remainder when (d/(-8))/((-3)/30) is divided by 6.
1
Let p = -4 + 37. Let n = -61 + 100. Let a = 48 - n. What is the remainder when p is divided by a?
6
Suppose -49*t + 3616 = -17*t. What is the remainder when 333 is divided by t?
107
Calculate the remainder when 515 is divided by (16 + -27)/((-3 - 0) + 2).
9
Suppose -s = 1 + 1. Let h = 17 - s. What is the remainder when h is divided by -2*(5 + (-189)/18)?
8
Suppose 2*g = -q + 27, -g = -2*q - 0*g + 44. Calculate the remainder when 597 is divided by q.
22
Let s(j) = 3*j**2 + 11*j - 22. Calculate the remainder when 114 is divided by s(2).
6
Let w be -4 + 3/((-12)/(-16)). Suppose w*m - 76 = -4*m. Let p = m + -2. Calculate the remainder when p is divided by 5.
2
Let g = 930 - 756. Calculate the remainder when g is divided by 20.
14
Suppose 384*y + 180 = 389*y. Calculate the remainder when 70 is divided by y.
34
Let v = 1 + 4. Let u = 62 - 12. Let y = 53 - u. What is the remainder when v is divided by y?
2
Let h(a) = 142*a**3 + a**2 - a. What is the remainder when h(1) is divided by (192/15 - 2)*(-70)/(-21)?
34
Let u(v) = 3*v**2 + 81*v - 27. Calculate the remainder when u(-30) is divided by 41.
38
Suppose 0 = -2*a - a + 4*b + 81, 2*a - 47 = 5*b. Let n be (1/((-1)/60))/(9/6). What is the remainder when a is divided by ((-68)/6)/(n/15 + 2)?
14
Suppose 83 = 2*u + h, -3*u = 2*h - 74 - 53. Calculate the remainder when u is divided by 14.
11
Suppose 0 = 46*q - 48*q + 2*b + 52, 0 = q + 4*b - 31. What is the remainder when 240 is divided by q?
24
Let v = 880 + -848. Calculate the remainder when 355 is divided by v.
3
Suppose -4*a + 28 = h, 0*a - 2*h = 5*a - 35. Suppose -16 = -a*p + 5*p. Let s = -10 - -15. Calculate the remainder when p is divided by s.
3
Let h = -31 - -43. Let k = -94 - -213. What is the remainder when k is divided by h?
11
Let o = 10 + 80. Calculate the remainder when o is divided by 31.
28
Let t(f) = -f + 6. Let x be t(4). Suppose 4*b - 4*p = -p + 55, 2*b = -x*p + 10. What is the remainder when 117 is divided by b?
7
Let a = -18 - -45. Let c be 4*(0 - 1)/2 + -63. Let k = c - -72. What is the remainder when a is divided by k?
6
Suppose 3*x - 4 - 110 = 0. Let h(z) = -z**3 - 17*z**2 - 6*z + 9. What is the remainder when h(-17) is divided by x?
35
Suppose -670 = -5*i + 5*r, 0 = -3*i - 3*r - 27 + 435. Calculate the remainder when i is divided by 6.
3
Let j be -3 + (-7 - (2 - 3)). Let w = j - -9. Suppose w = -2*m - 8, m = -4*k + 36 + 20. Calculate the remainder when 56 is divided by k.
11
Suppose -3 = -3*t + 2*t. Suppose -80 = -340*b + 335*b. Calculate the remainder when b is divided by t.
1
Suppose -247 + 55 = -6*v. Calculate the remainder when 4798 is divided by v.
30
Suppose -5*p = -51 - 44. Calculate the remainder when p is divided by (3/2)/(30/260).
6
What is the remainder when -85*(-15)/100*16 is divided by 48?
12
Let h be (-3)/3*(-273)/3. Suppose -20 = -4*t, 2*m = 6*m + 3*t - h. Let b = -10 + m. Calculate the remainder when b is divided by 3.
0
Let t(k) = k**3 - 4*k**2 + 8*k - 1. Calculate the remainder when 308 is divided by t(4).
29
Let k(p) = -p**3 + 5*p**2 + 11*p + 16. Calculate the remainder when k(6) is divided by 29.
17
Let w = 1599 - 1537. What is the remainder when w is divided by 23?
16
Let r = 32 + 7. Let d = r + -10. Let c(g) = -g**3 - 4*g**2 + 2*g + 1. Calculate the remainder when d is divided by c(-5).
13
Let u be -549 + 24 + 3*-1. Calculate the remainder when (-3 - u/14) + (-2)/(-7) is divided by 12.
11
Suppose -h + 32 + 43 = 0. Suppose 2*v - h = 103. What is the remainder when v is divided by 18?
17
Suppose 52*b - 124 = 48*b. What is the remainder when 123 is divided by b?
30
Let s(u) = u**2 - u - 7. Let c be s(0). Let h = c - -51. Let f(o) = -o + 30. Calculate the remainder when h is divided by f(15).
14
Suppose -1 = -y, -3*c + 320 = c + 4*y. Let t = -15 - -17. Suppose -w = 2*f - 25, -t*w = -4*f - 49 - 9. What is the remainder when c is divided by w?
25
Suppose 3*f = n + 48, 2*n + 2*n = -4*f + 64. Let d(a) = -20*a**3 + a**2. Let j be d(-1). Let h = f + j. What is the remainder when h is divided by 19?
18
Let w(f) = 9*f + 2. Suppose -5*o = -6*o + 1. Let a(g) = g**2 - g + 3. What is the remainder when w(o) is divided by a(0)?
2
Suppose -1 - 9 = -2*o. Suppose o*q = 8*q - 48. Calculate the remainder when q is divided by 6.
4
Let j(w) = 13*w**2 + w + 6. Let g be 21/(-12) + 5/(-20). Let t be j(g). Suppose -5*n - t = -221. Calculate the remainder when n is divided by 18.
15
Suppose -5*n + 4*n + 4*d = -22, -2*d = 3*n + 4. Suppose 4*v - 3*w = 2*w + 32, n*v = -4*w + 16. Calculate the remainder when 30 is divided by v.
6
Let z be (1/1)/(5/(-125)). Let m = z - -52. Let w = 23 + -16. What is the remainder when m is divided by w?
6
Suppose 0 = -5*b - 5*s + 76 - 6, 5*b - 34 = 4*s. Suppose 6*m + b = 280. What is the remainder when m is divided by 12?
9
Let f = 1649 + -1625. What is the remainder when 345 is divided by f?
9
Let w = 0 - -5. What is the remainder when (660/(-75))/((-2)/w) is divided by 12?
10
Suppose 3*f - 468 = -3*u, 22 = 4*f + 2. Calculate the remainder when u is divided by 33.
19
Suppose 2*d + 10*q - 111 = 9*q, -272 = -5*d + 3*q. What is the remainder when 104 is divided by d?
49
Let j(s) be the second derivative of s**5/20 - s**4/6 - 2*s**3/3 + s**2/2 + 11*s. Calculate the remainder when j(4) is divided by 4.
1
Suppose -3*b = -3*v + 135, 5*v - b = 129 + 88. Calculate the remainder when 169 is divided by v.
40
Let i = -22 - -54. Suppose 3*o + o - 3*t - 89 = 0, 4*o - 5*t - 95 = 0. Let w = 37 - o. What is the remainder when i is divided by w?
15
Let z(s) = -s**3 + 9*s**2 - 10*s + 20